{"id":160,"date":"2019-11-14T14:40:28","date_gmt":"2019-11-14T16:40:28","guid":{"rendered":"http:\/\/www.nettipsykiatri.fi\/?page_id=160"},"modified":"2025-08-29T18:18:32","modified_gmt":"2025-08-29T20:18:32","slug":"tietopankki","status":"publish","type":"page","link":"https:\/\/www.nettipsykiatri.fi\/?page_id=160","title":{"rendered":"Tietopankki"},"content":{"rendered":"\n<p>Nettipsykiatrin tietopankkiin on ker\u00e4tty itsehoitomenetelmi\u00e4 ja hy\u00f6dyllisi\u00e4 linkkej\u00e4.<\/p>\n\n\n\n<p><strong>Artikkelit<\/strong><br><a href=\"https:\/\/www.nettipsykiatri.fi\/?p=265\" data-type=\"post\" data-id=\"265\">Psykiatrin et\u00e4vastaanotto<\/a><br><a href=\"https:\/\/www.nettipsykiatri.fi\/?p=272\" data-type=\"post\" data-id=\"272\">Usein kysytyt kysymykset psykiatrin et\u00e4vastaanotosta<\/a><br><a href=\"https:\/\/www.nettipsykiatri.fi\/?p=336\" data-type=\"post\" data-id=\"336\">Miten p\u00e4\u00e4see psykoterapiaan?<\/a><br><a href=\"https:\/\/www.nettipsykiatri.fi\/?p=369\" data-type=\"post\" data-id=\"369\">MIten p\u00e4\u00e4see Kelan tukemaan terapiaan?<br><\/a><a href=\"https:\/\/www.nettipsykiatri.fi\/?p=212\">Psykiatrin B-lausunto<\/a><br><a href=\"http:\/\/www.nettipsykiatri.fi\/?p=227\">Ohje masentuneen l\u00e4heisille<\/a><br><a href=\"https:\/\/www.nettipsykiatri.fi\/?p=403\" data-type=\"post\" data-id=\"403\">Mik\u00e4 on pinnistelij\u00e4n syndrooma<\/a><br><\/p>\n\n\n\n<p><strong>Itsehoitomenetelm\u00e4t<\/strong> (masennuksen ja ahdistuneisuush\u00e4ir\u00f6iden hoitoon)<br><a href=\"https:\/\/www.nettipsykiatri.fi\/?page_id=167\">El\u00e4m\u00e4n inventaario<\/a><br><a href=\"https:\/\/www.nettipsykiatri.fi\/?page_id=170\">Tunnekirjemenetelm\u00e4<\/a><br><a href=\"https:\/\/www.nettipsykiatri.fi\/?page_id=173\">Virheellisten ajattelumallien tunnistaminen<\/a><br><a href=\"https:\/\/www.nettipsykiatri.fi\/?page_id=176\">Realististen ajattelumallien muodostaminen<\/a><br><a href=\"https:\/\/www.nettipsykiatri.fi\/?page_id=179\">P\u00e4rj\u00e4\u00e4missuunnitelma<\/a><\/p>\n\n\n\n<p><strong>Linkkej\u00e4<\/strong><br><a href=\"https:\/\/www.tunnelukkosi.fi\/\">Tietoa tunnelukoista<\/a><br><a href=\"https:\/\/www.mielenterveystalo.fi\/\">HUS-Mielenterveystalon itsehoitosivut<\/a><br><a href=\"https:\/\/asiointi.kela.fi\/palvelutuottajarekisteri\/\">Kelan palveluntuottajahaku kuntoutuspsykoterapiaan hakeutuville<\/a><\/p>\n\n\n\n<p><strong>Lehtiartikkelit<\/strong><br><a href=\"https:\/\/www.hs.fi\/paakirjoitukset\/art-2000002752496.html\" data-type=\"URL\" data-id=\"https:\/\/www.hs.fi\/paakirjoitukset\/art-2000002752496.html\">Helsingin sanomien vieraskyn\u00e4-p\u00e4\u00e4kirjoitus 11.8.2014 liittyen koulukiusaamiseen <\/a><br><a href=\"https:\/\/www.laakarilehti.fi\/ajassa\/ajankohtaista\/lievat-psykiatriset-sairaudet-voivat-olla-hyodyllisia\/?public=15ff2f50794635947e004bfa10eab5ad\">L\u00e4\u00e4k\u00e4rilehden haastattelu 13.5.2016 liittyen Adaptiivisten moodien -hypoteesiin ja mielenterveyden hoitoon<\/a><\/p>\n","protected":false},"excerpt":{"rendered":"<p>Nettipsykiatrin tietopankkiin on ker\u00e4tty itsehoitomenetelmi\u00e4 ja hy\u00f6dyllisi\u00e4 linkkej\u00e4. ArtikkelitPsykiatrin et\u00e4vastaanottoUsein kysytyt kysymykset psykiatrin et\u00e4vastaanotostaMiten p\u00e4\u00e4see psykoterapiaan?MIten p\u00e4\u00e4see Kelan tukemaan terapiaan?Psykiatrin B-lausuntoOhje masentuneen l\u00e4heisilleMik\u00e4 on pinnistelij\u00e4n syndrooma Itsehoitomenetelm\u00e4t (masennuksen ja ahdistuneisuush\u00e4ir\u00f6iden hoitoon)El\u00e4m\u00e4n inventaarioTunnekirjemenetelm\u00e4Virheellisten ajattelumallien tunnistaminenRealististen ajattelumallien muodostaminenP\u00e4rj\u00e4\u00e4missuunnitelma Linkkej\u00e4Tietoa tunnelukoistaHUS-Mielenterveystalon itsehoitosivutKelan palveluntuottajahaku kuntoutuspsykoterapiaan hakeutuville LehtiartikkelitHelsingin sanomien vieraskyn\u00e4-p\u00e4\u00e4kirjoitus 11.8.2014 liittyen koulukiusaamiseen L\u00e4\u00e4k\u00e4rilehden haastattelu 13.5.2016 liittyen Adaptiivisten moodien -hypoteesiin&#8230;<\/p>\n","protected":false},"author":1,"featured_media":0,"parent":0,"menu_order":0,"comment_status":"closed","ping_status":"closed","template":"","meta":{"footnotes":""},"class_list":["post-160","page","type-page","status-publish","hentry"],"_links":{"self":[{"href":"https:\/\/www.nettipsykiatri.fi\/index.php?rest_route=\/wp\/v2\/pages\/160","targetHints":{"allow":["GET"]}}],"collection":[{"href":"https:\/\/www.nettipsykiatri.fi\/index.php?rest_route=\/wp\/v2\/pages"}],"about":[{"href":"https:\/\/www.nettipsykiatri.fi\/index.php?rest_route=\/wp\/v2\/types\/page"}],"author":[{"embeddable":true,"href":"https:\/\/www.nettipsykiatri.fi\/index.php?rest_route=\/wp\/v2\/users\/1"}],"replies":[{"embeddable":true,"href":"https:\/\/www.nettipsykiatri.fi\/index.php?rest_route=%2Fwp%2Fv2%2Fcomments&post=160"}],"version-history":[{"count":25,"href":"https:\/\/www.nettipsykiatri.fi\/index.php?rest_route=\/wp\/v2\/pages\/160\/revisions"}],"predecessor-version":[{"id":405,"href":"https:\/\/www.nettipsykiatri.fi\/index.php?rest_route=\/wp\/v2\/pages\/160\/revisions\/405"}],"wp:attachment":[{"href":"https:\/\/www.nettipsykiatri.fi\/index.php?rest_route=%2Fwp%2Fv2%2Fmedia&parent=160"}],"curies":[{"name":"wp","href":"https:\/\/api.w.org\/{rel}","templated":true}]}}