{"id":86,"date":"2019-09-09T02:43:04","date_gmt":"2019-09-09T04:43:04","guid":{"rendered":"http:\/\/www.nettipsykiatri.fi\/?page_id=86"},"modified":"2024-12-13T15:59:14","modified_gmt":"2024-12-13T17:59:14","slug":"hinnasto","status":"publish","type":"page","link":"https:\/\/www.nettipsykiatri.fi\/?page_id=86","title":{"rendered":"Hinnasto"},"content":{"rendered":"\n<p>30 minuutin aika = 135,00 euroa<br>60 minuutin aika = 185,00 euroa<br>90 minuutin aika = 225,00 euroa<br>B-lausunto = 125,00 euroa<br>muut lausunnot = 125,00\/tunti<br>reseptin uusinta (ilman vastaanottoa) = 35,00 euroa<\/p>\n\n\n\n<p>Palveluntapahtumasta saa s\u00e4hk\u00f6postitse laskun vastaanoton j\u00e4lkeen.<\/p>\n\n\n\n<p>Hinnasto on p\u00e4ivitetty 19.12.2023 ja on voimassa toistaiseksi.<\/p>\n\n\n\n<p><\/p>\n","protected":false},"excerpt":{"rendered":"<p>30 minuutin aika = 135,00 euroa60 minuutin aika = 185,00 euroa90 minuutin aika = 225,00 euroaB-lausunto = 125,00 euroamuut lausunnot = 125,00\/tuntireseptin uusinta (ilman vastaanottoa) = 35,00 euroa Palveluntapahtumasta saa s\u00e4hk\u00f6postitse laskun vastaanoton j\u00e4lkeen. Hinnasto on p\u00e4ivitetty 19.12.2023 ja on voimassa toistaiseksi.<\/p>\n","protected":false},"author":1,"featured_media":0,"parent":0,"menu_order":0,"comment_status":"closed","ping_status":"closed","template":"","meta":{"footnotes":""},"class_list":["post-86","page","type-page","status-publish","hentry"],"_links":{"self":[{"href":"https:\/\/www.nettipsykiatri.fi\/index.php?rest_route=\/wp\/v2\/pages\/86","targetHints":{"allow":["GET"]}}],"collection":[{"href":"https:\/\/www.nettipsykiatri.fi\/index.php?rest_route=\/wp\/v2\/pages"}],"about":[{"href":"https:\/\/www.nettipsykiatri.fi\/index.php?rest_route=\/wp\/v2\/types\/page"}],"author":[{"embeddable":true,"href":"https:\/\/www.nettipsykiatri.fi\/index.php?rest_route=\/wp\/v2\/users\/1"}],"replies":[{"embeddable":true,"href":"https:\/\/www.nettipsykiatri.fi\/index.php?rest_route=%2Fwp%2Fv2%2Fcomments&post=86"}],"version-history":[{"count":7,"href":"https:\/\/www.nettipsykiatri.fi\/index.php?rest_route=\/wp\/v2\/pages\/86\/revisions"}],"predecessor-version":[{"id":347,"href":"https:\/\/www.nettipsykiatri.fi\/index.php?rest_route=\/wp\/v2\/pages\/86\/revisions\/347"}],"wp:attachment":[{"href":"https:\/\/www.nettipsykiatri.fi\/index.php?rest_route=%2Fwp%2Fv2%2Fmedia&parent=86"}],"curies":[{"name":"wp","href":"https:\/\/api.w.org\/{rel}","templated":true}]}}